 1/(((-16)/(-12))/z). Suppose 0 = -0*k + 2*k - 6. What is the greatest common divisor of k and x?
3
Let s(d) = d**3 + 12*d**2 - 13*d + 3. Let f be s(-13). Let y = 2 + f. What is the greatest common factor of y and 35?
5
Let g = -17 - -77. Calculate the greatest common factor of 24 and g.
12
Suppose -2*k - 170 = 5*u - 1087, 0 = 4*u - 5*k - 760. Suppose -3*j + 109 = -4*t, -5*j + u = -4*t - t. What is the greatest common divisor of 13 and j?
13
Let n be 60/8 - 3/6. What is the highest common factor of n and 35?
7
Let l(i) = -5*i + 1. Let a(s) = -6*s + 1. Let b(q) = 4*a(q) - 5*l(q). Let c be b(10). Calculate the greatest common factor of 99 and c.
9
Let k be (-1 - -2) + 0 - 11. Suppose 0 = -0*b - 3*b. Let h = b - k. What is the highest common divisor of 15 and h?
5
Let u = -29 + 236. Calculate the highest common divisor of u and 23.
23
Suppose 50 = 4*k + k. Suppose 5*l = -4*p + 234, -4*l + p + 0*p + 204 = 0. What is the highest common factor of l and k?
10
Suppose 0 = -5*s + 195 - 35. Let f be 6/(-4)*160/(-5). What is the highest common divisor of f and s?
16
Suppose -6*w = 5*w - 660. Calculate the highest common factor of 40 and w.
20
Suppose -13*n + n + 2640 = 0. Let m(t) = 2*t**2 - 8*t - 4. Let b be m(6). What is the highest common factor of n and b?
20
Suppose 0 = -4*g + y + y + 82, 25 = -5*y. Calculate the greatest common divisor of g and 27.
9
Let x(r) = -4*r + 70. Let k be x(-25). Calculate the greatest common factor of 68 and k.
34
Suppose -f + 660 = 19*f. Calculate the greatest common divisor of 33 and f.
33
Let w(p) = 10*p**2 + p + 1. Let j be w(-1). Suppose o + 556 = 5*k - 2*o, 116 = k - 3*o. What is the greatest common factor of j and k?
10
Let x(q) = 7*q**3 - 3*q**2 + 1. Let w be x(2). Suppose -4*z - z + 69 = 2*u, 0 = 3*z - u - 48. Calculate the greatest common factor of w and z.
15
Suppose u = -y + 3, 5*y - 5 = -2*u + 7. Let b be (1 - y)*(-2 + -12). Calculate the highest common factor of b and 42.
14
Suppose -2*t = -8*t + 600. What is the greatest common divisor of 40 and t?
20
Let r(v) = 0 + 5 - 5 - 11*v**2 - 7*v - v**3. Let f be r(-11). What is the highest common factor of 11 and f?
11
Let a = -22 - -55. Let l = 26 + -15. What is the greatest common divisor of l and a?
11
Suppose -5*y - 3*x = -y - 676, 4*y - 5*x - 708 = 0. Let v = 44 + y. Let b = 69 - 45. What is the highest common divisor of v and b?
24
Let w(j) = -2*j**3 - 9*j**2 - 4*j + 1. Let l be w(-6). Calculate the greatest common divisor of 19 and l.
19
Suppose 9*k - 160 = 5*k. What is the greatest common divisor of k and 40?
40
Let j be ((-25)/4)/((-1)/24*3). What is the greatest common factor of 10 and j?
10
Suppose 3*j + 11 = -z + 8*j, -2*j = -2*z + 2. Suppose z*y - 436 = -6*m + 2*m, 3*y - 3*m - 345 = 0. What is the greatest common divisor of y and 16?
16
Let g be 2 - ((-1820)/4 + -2). Calculate the highest common divisor of 51 and g.
51
Suppose 0 = -2*d + h + 40, -4*d = -5*h - 22 - 52. What is the highest common factor of 3 and d?
3
Let i(q) = 11*q**2 + 4*q + 7. Let r be i(-5). Suppose 2*v = 176 + r. Let z = v - 131. What is the highest common factor of z and 8?
8
Let w be 16/792*9 - (-64)/11. Calculate the greatest common factor of w and 18.
6
Suppose -4*j + 9*j - 67 = t, -2*j + 4*t = -16. What is the greatest common factor of 14 and j?
14
Suppose 2*k + 4*a = a + 16, -2*a = 5*k - 29. Let v be (7/(7/(-10)))/(-2). Calculate the greatest common factor of v and k.
5
Suppose -4*f + 59 = -2*s - 3*s, 0 = 2*f + 3*s - 35. What is the highest common divisor of 40 and f?
8
Let l(f) be the second derivative of 41*f**4/12 - f**2/2 + 4*f. Let j be l(1). What is the highest common factor of j and 8?
8
Let p(i) = -i**2 - 4*i + 7. Suppose -3*r + 8*r + 25 = 0. Let v be p(r). Let a be 37 + (1*-6)/v. What is the greatest common factor of a and 17?
17
Let c = 46 - 10. What is the highest common factor of c and 9?
9
Suppose 0 = -5*d + 382 + 108. Calculate the highest common factor of d and 14.
14
Suppose -4*f = h + 18, 5*f + 1 = h - 17. Let u be 3 + -1*h/2. Calculate the highest common factor of 4 and u.
4
Let i be (-23)/(-7) - 2/7. What is the greatest common factor of 2 and i?
1
Let g be 209/7 - (-10)/70. What is the greatest common factor of g and 10?
10
Let d = 4 - 0. Let w be (-2)/(d/(-16) + 0). Calculate the greatest common factor of w and 20.
4
Suppose -l = 0, 4*l - 2*l - 15 = -5*d. What is the greatest common factor of 9 and d?
3
Let r(q) = 25*q**3 + q**2 - q - 1. Let z be r(-1). Let x = -12 - z. Calculate the highest common divisor of 18 and x.
6
Suppose -f - 11 = -q, -f = 2*q - 2*f - 17. Calculate the greatest common divisor of 18 and q.
6
Suppose 4*p - 2*p - 42 = 4*h, 5*p - 3*h - 84 = 0. Calculate the highest common divisor of 75 and p.
15
Suppose -p + 2*p = -2*i + 16, 0 = -i + 3*p + 22. Calculate the highest common factor of 80 and i.
10
Let g = 71 - 51. Suppose 2*b - 6*b = -40. Calculate the greatest common divisor of g and b.
10
Let k(u) = 10 + 0*u - 2 + u. Suppose 0 = -4*b + 3 - 31. Let q be k(b). Calculate the greatest common divisor of q and 7.
1
Let w be 174/3 + (-5)/(10/(-4)). Calculate the greatest common factor of w and 12.
12
Suppose 4*o + 2*i - 110 = -0*o, 0 = -5*o + 3*i + 132. Suppose -2*z = -3*b + 35, 4*b = -3*z - z + 20. Calculate the greatest common divisor of o and b.
9
Suppose -5*d = -4*d - 2. Suppose 3*p = d*r - 4, -4*r - p - 2*p - 10 = 0. Let z = 9 - r. What is the greatest common divisor of 50 and z?
10
Suppose 0 = 3*o + 3, -2*o - 19 = -2*b - o. What is the highest common factor of b and 81?
9
Suppose -6*p + 51 = -1137. What is the greatest common factor of 18 and p?
18
Let j be 4/(8/98) + 2/(-2). What is the highest common factor of j and 32?
16
Suppose 2*j - 21 = 2*k + 3, -4*k = -5*j + 63. Calculate the highest common factor of j and 10.
5
Let i(v) = 2*v + 3. Let n be (-3)/(-6)*-6 - -8. Let k be i(n). Let w = k + -6. What is the highest common factor of 7 and w?
7
Let n be (-4)/(-10) - 23/(-5). Suppose 0 = -n*g + 177 + 123. Suppose 2*k - 11 - 4 = 3*c, 5*k = 3*c + 51. Calculate the highest common divisor of g and k.
12
Let y be (-3 + 0)/(9/(-135)). Calculate the highest common divisor of 9 and y.
9
Let f = 30 + -25. What is the highest common factor of f and 2?
1
Let j = -8 + 12. Calculate the highest common factor of j and 32.
4
Suppose -7*h + 8*h = 60. What is the highest common divisor of h and 15?
15
Let w(m) = 2*m**2 - m - 1. Let n be w(-2). Suppose 2 = -4*v + 10. Suppose 3*k = 3*g, k + 3*g - v = 2*k. What is the highest common factor of k and n?
1
Suppose -3*i - 4*r = -37, 4*i + 0*r = -4*r + 52. Suppose 0 = c - 4*c + i. Let o(a) = 2*a + 1. Let n be o(c). Calculate the greatest common divisor of 99 and n.
11
Let u = 123 + -21. What is the highest common divisor of u and 34?
34
Let n be 0 + (3 + -5 - -1). Let y be -1 - n/(-2)*-86. Calculate the greatest common factor of 28 and y.
14
Let r(b) = b**2 + 9*b - 6. Let h be r(-10). Let l be (-10 + h)*7/(-3). Suppose -a = 2 - 1, p - l = -4*a. Calculate the highest common divisor of p and 27.
9
Let f(l) = -l**3 + 9*l**2 - 8*l + 10. Let v(r) = 2*r**2 - r - 2. Let i be v(-2). Let y be f(i). What is the greatest common divisor of 40 and y?
10
Suppose 485 = 14*k - 187. Calculate the highest common factor of k and 36.
12
Let j = 145 + -131. What is the highest common factor of j and 238?
14
Let i be 31/2 - 4/(-8). Suppose -3*h + 42 = -6. What is the highest common factor of h and i?
16
Let s be ((-2)/(-5))/(1/765). Suppose 3*o = o + s. What is the highest common factor of 17 and o?
17
Let l be -6*(21/6 + -4). Let h = 7 + 2. What is the highest common factor of l and h?
3
Suppose -4*g + 6*g = -10, 20 = d - 4*g. Let y be (1 + -1)/(d + 1). Suppose -c + 2 + 1 = y. What is the highest common factor of 12 and c?
3
Suppose -2*q + 350 = 5*y - 109, 4*y - 354 = 5*q. What is the highest common factor of y and 13?
13
Suppose -3*t + 2*t + 14 = -2*g, -t - 4*g = -38. Calculate the highest common divisor of 55 and t.
11
Suppose 5*p + 13 = m, -5*m + 216 = -3*p + 41. Let q be (-10)/(-35) - 2/7. Suppose q*s = 2*s - 190. What is the highest common divisor of m and s?
19
Let j = 7 - 4. Suppose -24 = 2*p - j*p. Let y be ((-1)/2)/((-1)/72). Calculate the greatest common divisor of y and p.
12
Let z(c) = c**2 + 4*c + 6. Let q be z(-6).